4
Let x(r) = 2*r**2 - 129*r - 1003. Give x(-7).
-2
Let u(o) = 2*o**2 - 178*o + 1720. Determine u(11).
4
Let h(z) = 3*z**2 + 135*z + 592. What is h(-5)?
-8
Let s(k) = 2*k**3 - 4*k**2 - 64*k - 3. What is s(0)?
-3
Let j(v) = 46*v**2 + 6*v + 13. Calculate j(-2).
185
Let t(u) = -4*u**3 + 88*u**2 + 2*u + 9. Calculate t(22).
53
Let z(g) = g**3 - 8*g**2 - 15*g + 22. Determine z(9).
-32
Let a(n) = 140*n - 2380. Determine a(17).
0
Let t(o) = -o**3 - 25*o**2 + 18*o - 106. Determine t(-26).
102
Let q(x) = -x**2 - 6*x + 364. Calculate q(11).
177
Let o(z) = 14*z + 449. What is o(-5)?
379
Let n(a) = a**2 - 62*a - 2996. Give n(94).
12
Let w(j) = -j**3 - 21*j**2 + 28. Give w(-21).
28
Let x(s) = s**2 - 36*s - 476. Calculate x(-11).
41
Let x(j) = j**3 - 9*j**2 - 29*j + 264. Determine x(7).
-37
Let c(g) = 4*g**2 + 6*g - 35. Calculate c(2).
-7
Let l(s) = s**2 + 42*s + 73. Give l(-33).
-224
Let o(x) = 1029*x - 10286. What is o(10)?
4
Let p(m) = -3000*m + 29976. Determine p(10).
-24
Let k(w) = -w**3 - 40*w**2 + 141*w + 526. Calculate k(-43).
10
Let q(x) = -7*x**3 + 3*x**2 + 14*x + 38. Calculate q(-3).
212
Let u(g) = -g**3 - 15*g**2 - 26*g - 7. What is u(-14)?
161
Let n(b) = b**2 + 781*b - 5511. Determine n(7).
5
Let n(r) = -22*r**2 - 5*r - 13. What is n(-3)?
-196
Let y(n) = n**3 + 13*n**2 + 182*n + 2423. Determine y(-13).
57
Let f(m) = -m**3 - 8*m**2 + 48*m + 6. Determine f(-12).
6
Let c(r) = 790*r - 729. Determine c(1).
61
Let h(n) = -n**2 - 13*n + 582. Determine h(-30).
72
Let g(y) = -47*y - 6657. Determine g(-142).
17
Let x(v) = -v**2 - 39*v - 31. Calculate x(0).
-31
Let v(d) = d**3 + 53*d**2 + 306*d - 740. Calculate v(-46).
-4
Let b(v) = -v**2 - 246*v + 1218. Determine b(5).
-37
Let v(g) = -g**3 + 6*g**2 + 283*g - 47. Determine v(20).
13
Let h(n) = -3*n**2 - 140*n - 247. Give h(-45).
-22
Let o(m) = -m**2 - 107*m - 2491. Determine o(-63).
281
Let m(f) = -f**2 - 778*f - 3102. What is m(-4)?
-6
Let j(w) = -20*w - 130. What is j(-12)?
110
Let n(k) = 1584*k + 45928. Calculate n(-29).
-8
Let u(q) = 1895*q + 7583. Give u(-4).
3
Let i(w) = -w**3 - 65*w**2 - 656*w - 14. What is i(-14)?
-826
Let x(s) = -24*s**3 - 9*s**2 + 13*s + 24. Calculate x(-2).
154
Let t(k) = 2597*k + 20771. What is t(-8)?
-5
Let h(m) = -12*m**2 - 11*m + 17. Give h(4).
-219
Let f(w) = -w**3 - 4*w**2 + 7*w + 24. Calculate f(-5).
14
Let q(n) = 2*n**2 - 136*n - 122. Calculate q(69).
16
Let j(t) = -t**2 + 925*t + 21810. Calculate j(-23).
6
Let h(b) = b**3 - 9*b**2 + 27*b + 26. What is h(9)?
269
Let k(g) = 83*g + 1492. Determine k(-18).
-2
Let m(o) = o**2 + 31*o + 109. Determine m(-4).
1
Let f(u) = -587*u - 709. Give f(-1).
-122
Let i(s) = -7*s + 7. What is i(3)?
-14
Let p(u) = -2*u**2 - 6*u + 3441. Give p(-43).
1
Let q(n) = -83*n + 194. Calculate q(3).
-55
Let x(f) = -2*f**2 + 75*f - 28. Calculate x(37).
9
Let w(o) = -o**3 - 63*o**2 - 566*o + 203. Determine w(-52).
-109
Let u(k) = -4*k**2 - 7*k + 32. Calculate u(6).
-154
Let z(u) = -u**2 - 9*u + 70. What is z(-28)?
-462
Let x(n) = n**3 - 3*n**2 - 42*n - 2. Give x(-4).
54
Let u(j) = 5*j**2 - 12*j + 82. Determine u(6).
190
Let t(o) = 2*o**3 - 41*o**2 + 227*o - 4125. Determine t(20).
15
Let o(n) = -6*n**2 + 110*n + 73. Give o(19).
-3
Let l(f) = 2*f**3 - 3*f**2 + 57*f - 182. Calculate l(3).
16
Let a(s) = 14*s - 315. What is a(23)?
7
Let v(y) = 139*y**2 - 4*y + 3. Calculate v(1).
138
Let n(h) = -58*h + 2977. What is n(52)?
-39
Let j(w) = -w**3 - 76*w**2 + 3*w + 242. Calculate j(-76).
14
Let a(d) = -587*d + 458. Give a(1).
-129
Let r(l) = -19*l - 20. Calculate r(-5).
75
Let q(c) = 104*c + 10204. Give q(-98).
12
Let w(n) = 2*n**2 + 13*n - 119. What is w(-11)?
-20
Let m(o) = 2*o**3 - 526*o**2 - 5462*o + 554. Determine m(273).
8
Let t(v) = 80*v**2 + 1998*v - 70. Calculate t(-25).
-20
Let w(l) = -48*l**2 - 6*l + 2. Calculate w(1).
-52
Let a(z) = 9*z + 89. Calculate a(-8).
17
Let i(d) = -2*d + 61. Give i(-15).
91
Let a(t) = 6*t + 259. Calculate a(-44).
-5
Let g(c) = -19*c + 95. Give g(0).
95
Let v(c) = c**2 + 11*c + 81. Determine v(10).
291
Let l(g) = 3*g**2 - 5*g - 36. Give l(-8).
196
Let u(d) = 422*d**2 + 86*d - 84. What is u(1)?
424
Let u(x) = 7*x**3 + 11*x**2 + 3*x - 1. What is u(-1)?
0
Let v(c) = c**3 + 6*c**2 + 36*c + 111. Determine v(-7).
-190
Let a(t) = 13*t**2 + 4634*t - 2511. Give a(-357).
-12
Let b(r) = r**2 - 291*r + 21134. Give b(141).
-16
Let s(h) = h**2 - 260*h + 3905. Calculate s(244).
1
Let u(j) = -j**3 - 5*j**2 - 4*j - 7. What is u(-5)?
13
Let s(f) = -1485*f - 4488. Calculate s(-3).
-33
Let o(v) = -119*v + 2840. Give o(24).
-16
Let g(x) = -7*x**2 - 250*x - 178. What is g(-35)?
-3
Let q(x) = x**3 + 27*x**2 + 44*x + 465. Give q(-26).
-3
Let x(j) = -67*j + 458. Give x(10).
-212
Let p(f) = 429*f - 1278. What is p(3)?
9
Let p(x) = -3*x**3 + 27*x**2 - 1. What is p(9)?
-1
Let m(g) = -2*g**3 - 9*g**2 - 41*g - 156. Determine m(-4).
-8
Let i(k) = 12*k**3 + 1560*k**2 + 3*k + 393. Give i(-130).
3
Let h(x) = -454*x - 5450. Determine h(-12).
-2
Let j(w) = 278*w - 193. Determine j(-1).
-471
Let v(r) = -2*r**2 - 52*r - 1. Give v(-19).
265
Let y(z) = z**3 - 2*z**2 + 365*z + 366. What is y(-1)?
-2
Let i(q) = 117*q + 6548. Give i(-56).
-4
Let d(u) = 4*u**2 - 19. Determine d(-4).
45
Let o(n) = -49*n + 3209. Determine o(66).
-25
Let c(z) = z**3 + 24*z**2 + 360*z + 1849. Determine c(-8).
-7
Let o(a) = 12*a**2 - 591*a + 86. What is o(49)?
-61
Let o(n) = -25*n + 299. What is o(12)?
-1
Let r(w) = 429*w + 9439. Give r(-22).
1
Let z(q) = q**3 - 16*q**2 - 42*q + 87. Calculate z(18).
-21
Let z(d) = 2*d**3 - 2*d - 13. What is z(-2)?
-25
Let w(t) = -3*t**2 - 34*t + 17. Give w(-16).
-207
Let k(a) = -67*a - 1264. Determine k(-19).
9
Let p(b) = 114*b**2 - 800*b + 15. What is p(7)?
1
Let f(k) = k**2 - 13*k - 121. Determine f(-10).
109
Let c(g) = 3046*g + 18268. Calculate c(-6).
-8
Let h(y) = y**3 - 68*y**2 + 199*y - 311. Determine h(65).
-51
Let i(b) = -b**2 + 10*b + 232. What is i(-12)?
-32
Let k(b) = -8*b + 8. Calculate k(-28).
232
Let p(j) = -4*j**3 + 2*j**2 + 203*j - 203. Calculate p(1).
-2
Let a(m) = 5*m - 59. What is a(8)?
-19
Let p(s) = -4*s**3 - 14*s**2 + 209*s + 105. Determine p(-9).
6
Let q(x) = 5*x**2 - 12*x - 81. What is q(-4)?
47
Let y(s) = -12*s - 169. Determine y(-6).
-97
Let m(w) = 19*w**2 + 163*w + 338. Determine m(-5).
-2
Let f(b) = -178*b - 1084. Calculate f(-6).
-16
Let j(o) = 13*o - 262. Determine j(23).
37
Let s(f) = -3*f**3 + 130*f**2 + 89*f - 56. Give s(44).
-12
Let u(n) = -146*n - 990. Determine u(-7).
32
Let z(m) = -200*m - 25603. Determine z(-128).
-3
Let c(s) = 3*s**3 - 3*s**2 + 7*s - 6. Give c(1).
1
Let y(i) = -1241*i + 6371. Determine y(5).
166
Let z(x) = -945*x + 3754. What is z(4)?
-26
Let y(v) = 2*v**3 - 4*v**2 + 20*v + 166. What is y(-6)?
-530
Let u(y) = -y**3 - 142*y**2 - 152*y - 1561. What is u(-141)?
-10
Let n(d) = d**3 - 13*d**2 - 5*d + 46. Give n(11).
-251
Let c(u) = 20*u**2 + 83*u - 3. Determine c(-4).
-15
Let w(l) = -3*l**2 - 149*l - 630. Calculate w(-45).
0
Let r(q) = -132*q + 473. Calculate r(8).
-583
Let j(q) = -20*q**2 - 219*q - 562. Calculate j(-7).
-9
Let m(f) = 108*f - 3. Give m(1).
105
Let h(r) = 23*r + 1065. Calculate h(-44).
53
Let f(l) = -l**3 - 6*l**2 + 79*l + 261. Determine f(-11).
-3
Let p(w) = 2*w**3 + 6*w**2 - w + 5. What is p(-3)?
8
Let r(a) = -a**3 + 6*a**2 + 252*a + 111. Calculate r(-13).
46
Let g(v) = 7*v**2 + 81*v + 234. Calculate g(-5).
4
Let x(q) = 79*q**2 + 1101*q - 66. Determine x(-14).
4
Let w(r) = -67*r - 20. Give w(2).
-154
Let j(l) = 175*l + 4868. Determine j(-28).
-32
Let r(j) = 82*j + 25. Give r(3).
271
Let j(u) = u - 49. Give j(-8).
-57
Let k(b) = -b**3 + 75*b**2 - 88*b + 1048. What is k(74)?
12
Let j(h) = -h**3 + 2*h**2 + 51*h - 187. Calculate j(4).
-15
Let v(j) = -337*j - 92. Calculate v(-1).
245
Let u(z) = -z**3 - 2*z**2 + 9*z - 54. Determine u(5).
-184
Let y(o) = o**2 - 1190*o + 145173. What is y(138)?
-3
Let i(g) = 3*g**3 + 13*g**2 - 3*g - 15. What is i(-7)?
-386
Let j(c) = -c**3 + 20*c**2 + 25*c - 65. Give j(21).
19
Let g(c) = -2*c**2 - 93*c - 983. Determine g(-30).
7
Let q(s) = -14*s + 326. Determine q(23).
4
Let f(q) = 74*q**2 + 8*q - 2. Give f(-1).
64
Let w(b) = -b**3 + 35*b**2 + 154*b - 85. What is w(39)?
-163
Let l(p) = p**2 + 25*p + 158. Give l(-7).
32
Let y(v) = -8*v**2 + 126*v + 27. Determin